{"id":7840,"date":"2023-03-27T11:29:10","date_gmt":"2023-03-27T09:29:10","guid":{"rendered":"https:\/\/bcsilly.be\/?page_id=7840"},"modified":"2025-09-28T12:23:41","modified_gmt":"2025-09-28T10:23:41","slug":"nos-entraineurs","status":"publish","type":"page","link":"https:\/\/bcsilly.be\/index.php\/nos-entraineurs\/","title":{"rendered":"Entra\u00eeneurs"},"content":{"rendered":"<h2><strong>Qui sont les coachs du B.C. Silly ?<\/strong><\/h2>\n<p>Nos entra\u00eeneurs s&#8217;investissent au quotidien pour <strong>faire progresser nos \u00e9quipes<\/strong> lors des entra\u00eenements, des matchs et des tournois. Ils assurent ensemble une\u00a0<strong>formation continue<\/strong> des jeunes jusqu&#8217;en \u00e9quipes seniors.<\/p>\n<p><div class=\"sportspress\">    <h3 class=\"sp-staff-name\"><strong class=\"sp-staff-role\">Coach<\/strong> U8 A - Ferretti Emma<\/h3>\n  \t<div class=\"sp-template sp-template-staff-photo sp-template-photo sp-staff-photo\">\n\t\t<img loading=\"lazy\" decoding=\"async\" width=\"128\" height=\"128\" src=\"https:\/\/bcsilly.be\/wp-content\/uploads\/2023\/04\/COACH_0013-scaled.jpg\" class=\"attachment-sportspress-fit-icon size-sportspress-fit-icon wp-post-image\" alt=\"\" srcset=\"https:\/\/bcsilly.be\/wp-content\/uploads\/2023\/04\/COACH_0013-scaled.jpg 1600w, https:\/\/bcsilly.be\/wp-content\/uploads\/2023\/04\/COACH_0013-150x150.jpg 150w, https:\/\/bcsilly.be\/wp-content\/uploads\/2023\/04\/COACH_0013-300x300.jpg 300w, https:\/\/bcsilly.be\/wp-content\/uploads\/2023\/04\/COACH_0013-32x32.jpg 32w\" sizes=\"auto, (max-width: 128px) 100vw, 128px\" \/>\t<\/div>\n\t    <div class=\"sp-post-content\">\n      <p>Emma a d\u00e9but\u00e9 au B.C. Silly en tant que joueuse U12 et est toujours rest\u00e9e fid\u00e8le \u00e0 son club de c\u0153ur. \u00c0 14 ans, elle a d\u00e9cid\u00e9 de suivre la formation d&#8217;arbitrage et a arbitr\u00e9 de temps \u00e0 autre les matchs U12 et les tournois. C&#8217;est \u00e0 16 ans, lorsqu&#8217;elle a travaill\u00e9 en tant qu&#8217;aide-monitrice de plaines de jeu \u00e0 Silly, qu&#8217;elle s&#8217;est lanc\u00e9e dans l&#8217;animation des petits de 6 \u00e0 10 ans. Emma est titulaire du brevet en animation et a appris \u00e0 coacher les \u00e9quipes U8 et U10 avec Emeline Desagre. Elle fait \u00e9galement des \u00e9tudes sup\u00e9rieures d&#8217;institutrice maternelle. Emma entra\u00eene les U8.<\/p>\n    <\/div>\n  <\/div><div class=\"sportspress\">    <h3 class=\"sp-staff-name\"><strong class=\"sp-staff-role\">Coach<\/strong> U8 B - Brogniet Clara<\/h3>\n  \t<div class=\"sp-template sp-template-staff-photo sp-template-photo sp-staff-photo\">\n\t\t<img loading=\"lazy\" decoding=\"async\" width=\"128\" height=\"128\" src=\"https:\/\/bcsilly.be\/wp-content\/uploads\/2022\/08\/U16F_0036.jpg\" class=\"attachment-sportspress-fit-icon size-sportspress-fit-icon wp-post-image\" alt=\"\" srcset=\"https:\/\/bcsilly.be\/wp-content\/uploads\/2022\/08\/U16F_0036.jpg 1024w, https:\/\/bcsilly.be\/wp-content\/uploads\/2022\/08\/U16F_0036-150x150.jpg 150w, https:\/\/bcsilly.be\/wp-content\/uploads\/2022\/08\/U16F_0036-300x300.jpg 300w, https:\/\/bcsilly.be\/wp-content\/uploads\/2022\/08\/U16F_0036-32x32.jpg 32w\" sizes=\"auto, (max-width: 128px) 100vw, 128px\" \/>\t<\/div>\n\t    <div class=\"sp-post-content\">\n      <p>Clara a commenc\u00e9 le basket \u00e0 l\u2019\u00e2ge de 12 ans, apr\u00e8s avoir d\u00e9couvert ce sport lors d\u2019un cours d\u2019initiation \u00e0 l\u2019\u00e9cole. Lors de sa premi\u00e8re ann\u00e9e, elle a \u00e9volu\u00e9 avec les P2. N\u2019ayant pas encore 15 ans \u00e0 l\u2019\u00e9poque, elle ne pouvait pas encore participer au championnat. La deuxi\u00e8me ann\u00e9e, elle a rejoint l\u2019\u00e9quipe U16, sa cat\u00e9gorie d\u2019\u00e2ge, tout en renfor\u00e7ant r\u00e9guli\u00e8rement l\u2019\u00e9quipe P2. En U19, Clara a \u00e9t\u00e9 nomm\u00e9e capitaine d\u2019\u00e9quipe. En parall\u00e8le, elle a d\u00e9but\u00e9 le coaching des U6.\u00a0Actuellement, elle joue en P3. Clara est une personne \u00e0 l\u2019\u00e9coute, qui cherche toujours \u00e0 adapter ses approches pour proposer des techniques \u00e0 la fois ludiques et th\u00e9oriques, dans le but de faire progresser chaque enfant \u00e0 son propre rythme.\u00a0Elle accorde une grande importance \u00e0 ce que chaque membre de l\u2019\u00e9quipe se sente \u00e0 sa place et puisse s\u2019\u00e9panouir pleinement. C\u2019est dans cet esprit qu\u2019elle a accept\u00e9 avec enthousiasme le r\u00f4le de coach en octobre 2024, fonction qu\u2019elle poursuivra avec motivation pour cette nouvelle saison.<\/p>\n    <\/div>\n  <\/div><div class=\"sportspress\">    <h3 class=\"sp-staff-name\"><strong class=\"sp-staff-role\">Coach<\/strong> U10 A - De Smet S\u00e9bastien<\/h3>\n  \t<div class=\"sp-template sp-template-staff-photo sp-template-photo sp-staff-photo\">\n\t\t<img loading=\"lazy\" decoding=\"async\" width=\"128\" height=\"128\" src=\"https:\/\/bcsilly.be\/wp-content\/uploads\/2024\/09\/COACH-U10-De-Smet-Sebastien_carre.jpg\" class=\"attachment-sportspress-fit-icon size-sportspress-fit-icon wp-post-image\" alt=\"\" srcset=\"https:\/\/bcsilly.be\/wp-content\/uploads\/2024\/09\/COACH-U10-De-Smet-Sebastien_carre.jpg 688w, https:\/\/bcsilly.be\/wp-content\/uploads\/2024\/09\/COACH-U10-De-Smet-Sebastien_carre-150x150.jpg 150w, https:\/\/bcsilly.be\/wp-content\/uploads\/2024\/09\/COACH-U10-De-Smet-Sebastien_carre-300x300.jpg 300w, https:\/\/bcsilly.be\/wp-content\/uploads\/2024\/09\/COACH-U10-De-Smet-Sebastien_carre-32x32.jpg 32w\" sizes=\"auto, (max-width: 128px) 100vw, 128px\" \/>\t<\/div>\n\t    <div class=\"sp-post-content\">\n      <p>S\u00e9bastien est professeur d&#8217;\u00c9ducation Physique en secondaire depuis 18 ans. Anciennement entra\u00eeneur de football (Groot-Bijgaarden, White Star Woluw\u00e9 et \u00e0 la Real), il est \u00e9galement un fervent amateur de tactique sportive. Il aime analyser les prestations et travailler les manquements pour faire au mieux \u00e9voluer l&#8217;\u00e9quipe. Apr\u00e8s avoir entra\u00een\u00e9 l&#8217;\u00e9quipe U8 de Lessines, S\u00e9bastien a repris le coaching de notre \u00e9quipe U10 lors de la saison 2024-2025. Il entra\u00eene d\u00e9sormais nos U10 premi\u00e8re ann\u00e9e, compos\u00e9e de minibasketteurs super motiv\u00e9s.<\/p>\n    <\/div>\n  <\/div><div class=\"sportspress\">    <h3 class=\"sp-staff-name\"><strong class=\"sp-staff-role\">Coach<\/strong> U10 B - Tristan Cuvelier<\/h3>\n      <div class=\"sp-post-content\">\n      <p data-start=\"303\" data-end=\"610\">Tristan a d\u00e9couvert le basket d\u00e8s l\u2019\u00e2ge de 7 ans au sein de la JS Soignies, o\u00f9 il a \u00e9volu\u00e9 jusqu\u2019\u00e0 ses 18 ans. En 2017, il rejoint le BC Silly, prenant part \u00e0 la toute premi\u00e8re campagne de notre \u00e9quipe P4. Quelques ann\u00e9es plus tard, il revient parmi nous en int\u00e9grant notre \u00e9quipe loisirs. Passionn\u00e9 de sport, Tristan a explor\u00e9 de nombreuses disciplines : tennis, squash, yoga, course \u00e0 pied et, plus r\u00e9cemment, le triathlon. Cette passion, il la partage aujourd\u2019hui avec ses deux enfants, joueurs dans nos \u00e9quipes de jeunes. Tristan est \u00e9ducateur sp\u00e9cialis\u00e9 aupr\u00e8s d\u2019adultes porteurs d\u2019une d\u00e9ficience intellectuelle ; il y endosse par ailleurs le r\u00f4le de coach en unihoc. C\u2019est donc avec enthousiasme, bienveillance et motivation qu\u2019il met son exp\u00e9rience au service de nos jeunes, les accompagnant dans la d\u00e9couverte du mini-basket et des valeurs qui l\u2019animent.<\/p>\n    <\/div>\n  <\/div><div class=\"sportspress\">    <h3 class=\"sp-staff-name\"><strong class=\"sp-staff-role\">Coach<\/strong> U12 - Caille Benjamin<\/h3>\n  \t<div class=\"sp-template sp-template-staff-photo sp-template-photo sp-staff-photo\">\n\t\t<img loading=\"lazy\" decoding=\"async\" width=\"128\" height=\"128\" src=\"https:\/\/bcsilly.be\/wp-content\/uploads\/2023\/10\/U16H_Caille-Benjamin.jpg\" class=\"attachment-sportspress-fit-icon size-sportspress-fit-icon wp-post-image\" alt=\"\" srcset=\"https:\/\/bcsilly.be\/wp-content\/uploads\/2023\/10\/U16H_Caille-Benjamin.jpg 2048w, https:\/\/bcsilly.be\/wp-content\/uploads\/2023\/10\/U16H_Caille-Benjamin-150x150.jpg 150w, https:\/\/bcsilly.be\/wp-content\/uploads\/2023\/10\/U16H_Caille-Benjamin-300x300.jpg 300w, https:\/\/bcsilly.be\/wp-content\/uploads\/2023\/10\/U16H_Caille-Benjamin-32x32.jpg 32w\" sizes=\"auto, (max-width: 128px) 100vw, 128px\" \/>\t<\/div>\n\t<\/div><div class=\"sportspress\">    <h3 class=\"sp-staff-name\"><strong class=\"sp-staff-role\">Coach<\/strong> U12 & Loisir - Caille Laurent<\/h3>\n  \t<div class=\"sp-template sp-template-staff-photo sp-template-photo sp-staff-photo\">\n\t\t<img loading=\"lazy\" decoding=\"async\" width=\"128\" height=\"128\" src=\"https:\/\/bcsilly.be\/wp-content\/uploads\/2023\/04\/U16_0171-scaled.jpg\" class=\"attachment-sportspress-fit-icon size-sportspress-fit-icon wp-post-image\" alt=\"\" srcset=\"https:\/\/bcsilly.be\/wp-content\/uploads\/2023\/04\/U16_0171-scaled.jpg 1600w, https:\/\/bcsilly.be\/wp-content\/uploads\/2023\/04\/U16_0171-150x150.jpg 150w, https:\/\/bcsilly.be\/wp-content\/uploads\/2023\/04\/U16_0171-300x300.jpg 300w, https:\/\/bcsilly.be\/wp-content\/uploads\/2023\/04\/U16_0171-32x32.jpg 32w\" sizes=\"auto, (max-width: 128px) 100vw, 128px\" \/>\t<\/div>\n\t    <div class=\"sp-post-content\">\n      <p>Laurent est arriv\u00e9 au B.C. Silly en tant que joueur dans l\u2019\u00e9quipe P4. Lorsque le club a lanc\u00e9 sa premi\u00e8re \u00e9quipe U10, il a accept\u00e9 d\u2019entra\u00eener cette nouvelle \u00e9quipe de jeunes dont ses enfants faisaient partie. Il a alors suivi la formation d\u2019entra\u00eeneur en mini-basket et fait \u00e9voluer nos Poussins et Benjamins pendant plusieurs ann\u00e9es. Laurent est un passionn\u00e9 de basket et s\u2019investit beaucoup dans le club o\u00f9 il a plusieurs casquettes : coach, joueur, papa de jeunes basketteurs et membre du comit\u00e9. En 2022, il a d\u00e9cid\u00e9 de quitter le comit\u00e9 et de relever de nouveaux d\u00e9fis avec l\u2019\u00e9quipe regroupant les U14 et U16 gar\u00e7ons. Il a ensuite continu\u00e9 sur sa lanc\u00e9e avec les U16 gar\u00e7ons qu&#8217;il a emmen\u00e9s en haut du classement, puis suivi en U18. Cette saison, Laurent retourne du c\u00f4t\u00e9 mini-basket et reprend notre \u00e9quipe U12 avec son fils. Il assure \u00e9galement les entra\u00eenements de l\u2019\u00e9quipe Loisir, une \u00e9quipe compos\u00e9e de joueurs qui souhaitent pratiquer le basket-ball sans la pression du championnat.<\/p>\n    <\/div>\n  <\/div><div class=\"sportspress\">    <h3 class=\"sp-staff-name\"><strong class=\"sp-staff-role\">Coach<\/strong> U18H - Kevin Deceuleneer<\/h3>\n      <div class=\"sp-post-content\">\n      <p>Kevin a \u00e9volu\u00e9 comme joueur \u00e0 la JSE Enghien jusqu\u2019en P4 avant de rejoindre le BC Silly, o\u00f9 il joue actuellement en \u00e9quipe loisir. Anim\u00e9 par l\u2019envie de transmettre sa passion et son exp\u00e9rience aux plus jeunes, il se lance naturellement dans le coaching. Sur le plan professionnel, Kevin occupe le poste de manager en production, une fonction qui renforce ses comp\u00e9tences en gestion d\u2019\u00e9quipe, en organisation et en accompagnement &#8211; autant d\u2019atouts qu\u2019il met au service de son approche du coaching. S\u00e9rieux, structur\u00e9 et \u00e0 l\u2019\u00e9coute, il encadrera cette saison les \u00e9quipes U16 et U18 gar\u00e7ons, avec l\u2019objectif de faire progresser chaque joueur dans un cadre dynamique et bienveillant.<\/p>\n    <\/div>\n  <\/div><div class=\"sportspress\">    <h3 class=\"sp-staff-name\"><strong class=\"sp-staff-role\">Coach<\/strong> U19D - Olivier Laurent<\/h3>\n  \t<div class=\"sp-template sp-template-staff-photo sp-template-photo sp-staff-photo\">\n\t\t<img loading=\"lazy\" decoding=\"async\" width=\"128\" height=\"128\" src=\"https:\/\/bcsilly.be\/wp-content\/uploads\/2025\/09\/COACH_Laurent-Olivier.jpg\" class=\"attachment-sportspress-fit-icon size-sportspress-fit-icon wp-post-image\" alt=\"\" srcset=\"https:\/\/bcsilly.be\/wp-content\/uploads\/2025\/09\/COACH_Laurent-Olivier.jpg 1280w, https:\/\/bcsilly.be\/wp-content\/uploads\/2025\/09\/COACH_Laurent-Olivier-150x150.jpg 150w, https:\/\/bcsilly.be\/wp-content\/uploads\/2025\/09\/COACH_Laurent-Olivier-300x300.jpg 300w, https:\/\/bcsilly.be\/wp-content\/uploads\/2025\/09\/COACH_Laurent-Olivier-32x32.jpg 32w\" sizes=\"auto, (max-width: 128px) 100vw, 128px\" \/>\t<\/div>\n\t    <div class=\"sp-post-content\">\n      <p>Passionn\u00e9 de basket depuis de nombreuses ann\u00e9es, Olivier a retrouv\u00e9 le chemin des terrains avec les U19D, afin d\u2019accompagner sa fille et de partager son exp\u00e9rience avec l\u2019\u00e9quipe. Il a d\u00e9but\u00e9 \u00e0 12 ans \u00e0 la JSB Maffle, o\u00f9 il a gravi les \u00e9chelons jusqu\u2019\u00e0 l\u2019\u00e9quipe premi\u00e8re. En 2004, il a entam\u00e9 sa carri\u00e8re d\u2019entra\u00eeneur avec les Benjamins, toujours \u00e0 Maffle, avant de rejoindre diff\u00e9rents clubs tels qu\u2019Enghien, Rebecq et Blaton.\u00a0Apr\u00e8s avoir poursuivi le jeu en amateurs et en V\u00e9t\u00e9rans \u00e0 Maffle jusqu\u2019\u00e0 32 ans, il a mis sa carri\u00e8re sportive entre parenth\u00e8ses pour se consacrer \u00e0 sa vie familiale et professionnelle. Aujourd\u2019hui, Olivier revient avec enthousiasme dans le monde du basket, anim\u00e9 par l\u2019envie de transmettre sa passion aux jeunes.<\/p>\n    <\/div>\n  <\/div><div class=\"sportspress\">    <h3 class=\"sp-staff-name\"><strong class=\"sp-staff-role\">Coach<\/strong> U21H & P4H B - Ducarmois David<\/h3>\n  \t<div class=\"sp-template sp-template-staff-photo sp-template-photo sp-staff-photo\">\n\t\t<img loading=\"lazy\" decoding=\"async\" width=\"128\" height=\"128\" src=\"https:\/\/bcsilly.be\/wp-content\/uploads\/2023\/04\/U18_0201-scaled.jpg\" class=\"attachment-sportspress-fit-icon size-sportspress-fit-icon wp-post-image\" alt=\"\" srcset=\"https:\/\/bcsilly.be\/wp-content\/uploads\/2023\/04\/U18_0201-scaled.jpg 1600w, https:\/\/bcsilly.be\/wp-content\/uploads\/2023\/04\/U18_0201-150x150.jpg 150w, https:\/\/bcsilly.be\/wp-content\/uploads\/2023\/04\/U18_0201-300x300.jpg 300w, https:\/\/bcsilly.be\/wp-content\/uploads\/2023\/04\/U18_0201-32x32.jpg 32w\" sizes=\"auto, (max-width: 128px) 100vw, 128px\" \/>\t<\/div>\n\t    <div class=\"sp-post-content\">\n      <p>David a \u00e9volu\u00e9 pendant sept ans en \u00e9quipe de jeunes \u00e0 Ellignies-Sainte-Anne, avec une petite parenth\u00e8se en cadets \u00e0 la JS Stambruges pendant deux ans. Il est ensuite revenu au bercail dans les r\u00e9serves de l&#8217;\u00e9quipe P2, puis en \u00e9quipe premi\u00e8re, toujours en P2, et en P1 \u00e0 la suite de la mont\u00e9e de l&#8217;\u00e9quipe. David a arr\u00eat\u00e9 vers 23 ans pour privil\u00e9gier sa vie de famille et ses activit\u00e9s professionnelles, mais aussi s&#8217;adonner \u00e0 son autre passion : la balle pelote. Il a \u00e9volu\u00e9 quelques ann\u00e9es dans ce sport \u00e0 Bassilly-Silly, entre autres. Il a repris go\u00fbt au basket par l&#8217;interm\u00e9diaire de son fils Louis et a m\u00eame jou\u00e9 quelques matchs en cat\u00e9gorie v\u00e9t\u00e9rans. David a commenc\u00e9 \u00e0 entra\u00eener notre \u00e9quipe U16 en 2021 et la ensuite suivie maintenant en U18. Apr\u00e8s une courte pause, David reprend pour cette saison 2025-2026 notre U21.<\/p>\n    <\/div>\n  <\/div><div class=\"sportspress\">    <h3 class=\"sp-staff-name\"><strong class=\"sp-staff-role\">Coach<\/strong> P4H A - Vanden Berghe Kevin<\/h3>\n  \t<div class=\"sp-template sp-template-staff-photo sp-template-photo sp-staff-photo\">\n\t\t<img loading=\"lazy\" decoding=\"async\" width=\"128\" height=\"128\" src=\"https:\/\/bcsilly.be\/wp-content\/uploads\/2023\/10\/COACH-P4H_Vanden-Berghe-Kevin.jpg\" class=\"attachment-sportspress-fit-icon size-sportspress-fit-icon wp-post-image\" alt=\"\" srcset=\"https:\/\/bcsilly.be\/wp-content\/uploads\/2023\/10\/COACH-P4H_Vanden-Berghe-Kevin.jpg 2048w, https:\/\/bcsilly.be\/wp-content\/uploads\/2023\/10\/COACH-P4H_Vanden-Berghe-Kevin-150x150.jpg 150w, https:\/\/bcsilly.be\/wp-content\/uploads\/2023\/10\/COACH-P4H_Vanden-Berghe-Kevin-300x300.jpg 300w, https:\/\/bcsilly.be\/wp-content\/uploads\/2023\/10\/COACH-P4H_Vanden-Berghe-Kevin-32x32.jpg 32w\" sizes=\"auto, (max-width: 128px) 100vw, 128px\" \/>\t<\/div>\n\t    <div class=\"sp-post-content\">\n      <p>Kevin a commenc\u00e9 le basket \u00e0 l\u2019\u00e2ge de 4 ans au CEBA Enghien o\u00f9 il a progress\u00e9 jusqu\u2019\u00e0 ses 15 ans. \u00c0 18 ans, il a rejoint le BBC Berchem en P1, un niveau tr\u00e8s diff\u00e9rent du Hainaut qui lui a permis de prendre de l\u2019exp\u00e9rience. Il a ensuite int\u00e9gr\u00e9 la P3 au RBC \u00c9clair, puis la P2 qui a termin\u00e9 championne invaincue. Apr\u00e8s une pause pour des raisons professionnelles et une blessure \u00e0 la cheville, il a d\u00e9cid\u00e9 de reprendre le basket en P4 \u00e0 Lessines o\u00f9 il avait emm\u00e9nag\u00e9. Suite \u00e0 une rupture du ligament, il a commenc\u00e9 \u00e0 coacher l\u2019\u00e9quipe P4, puis a assist\u00e9 les U16 gar\u00e7ons. Il continue donc sur sa lanc\u00e9e cette saison avec une chouette \u00e9quipe pleine d\u2019ambition qui \u00e9volue dans une bonne entente.<\/p>\n    <\/div>\n  <\/div><div class=\"sportspress\">    <h3 class=\"sp-staff-name\"><strong class=\"sp-staff-role\">Coach<\/strong> P3D - Geleyn Christopher<\/h3>\n  \t<div class=\"sp-template sp-template-staff-photo sp-template-photo sp-staff-photo\">\n\t\t<img loading=\"lazy\" decoding=\"async\" width=\"128\" height=\"128\" src=\"https:\/\/bcsilly.be\/wp-content\/uploads\/2024\/05\/COACH-Christopher-Geleyn.jpg\" class=\"attachment-sportspress-fit-icon size-sportspress-fit-icon wp-post-image\" alt=\"\" srcset=\"https:\/\/bcsilly.be\/wp-content\/uploads\/2024\/05\/COACH-Christopher-Geleyn.jpg 1365w, https:\/\/bcsilly.be\/wp-content\/uploads\/2024\/05\/COACH-Christopher-Geleyn-150x150.jpg 150w, https:\/\/bcsilly.be\/wp-content\/uploads\/2024\/05\/COACH-Christopher-Geleyn-300x300.jpg 300w, https:\/\/bcsilly.be\/wp-content\/uploads\/2024\/05\/COACH-Christopher-Geleyn-32x32.jpg 32w\" sizes=\"auto, (max-width: 128px) 100vw, 128px\" \/>\t<\/div>\n\t    <div class=\"sp-post-content\">\n      <p>Christopher a jou\u00e9 au basket de ses 8 \u00e0 13 ans \u00e0 Lessines. C\u2019est lorsque son fils a commenc\u00e9 \u00e0 jouer qu\u2019il a eu envie de recommencer, mais en P4 cette fois. Apr\u00e8s une saison en P4, en 2018, il a d\u00e9cid\u00e9 de se lancer dans le coaching en mini et maxi basket. Il a ainsi coach\u00e9 les \u00e9quipes U10, U16, U18, U21 et P4 de Lessines et les \u00e9quipes U8 et U14 de Maffle. La saison derni\u00e8re, il a continu\u00e9 avec les U8 de Maffle et repris le coaching de nos \u00e9quipes U19D B et P2 Dames. Il continue chez nous cette saison avec nos P3 Dames.<\/p>\n    <\/div>\n  <\/div><\/p>\n","protected":false},"excerpt":{"rendered":"<p>Qui sont les coachs du B.C. Silly ? Nos entra\u00eeneurs s&#8217;investissent au quotidien pour faire progresser nos \u00e9quipes lors des entra\u00eenements, des matchs et des tournois. Ils assurent ensemble une\u00a0formation continue des jeunes jusqu&#8217;en \u00e9quipes seniors.<\/p>\n","protected":false},"author":2,"featured_media":6620,"parent":0,"menu_order":0,"comment_status":"closed","ping_status":"closed","template":"","meta":{"_monsterinsights_skip_tracking":false,"_monsterinsights_sitenote_active":false,"_monsterinsights_sitenote_note":"","_monsterinsights_sitenote_category":0,"iawp_total_views":112,"footnotes":""},"class_list":["post-7840","page","type-page","status-publish","has-post-thumbnail","hentry"],"aioseo_notices":[],"amp_enabled":true,"_links":{"self":[{"href":"https:\/\/bcsilly.be\/index.php\/wp-json\/wp\/v2\/pages\/7840","targetHints":{"allow":["GET"]}}],"collection":[{"href":"https:\/\/bcsilly.be\/index.php\/wp-json\/wp\/v2\/pages"}],"about":[{"href":"https:\/\/bcsilly.be\/index.php\/wp-json\/wp\/v2\/types\/page"}],"author":[{"embeddable":true,"href":"https:\/\/bcsilly.be\/index.php\/wp-json\/wp\/v2\/users\/2"}],"replies":[{"embeddable":true,"href":"https:\/\/bcsilly.be\/index.php\/wp-json\/wp\/v2\/comments?post=7840"}],"version-history":[{"count":58,"href":"https:\/\/bcsilly.be\/index.php\/wp-json\/wp\/v2\/pages\/7840\/revisions"}],"predecessor-version":[{"id":13719,"href":"https:\/\/bcsilly.be\/index.php\/wp-json\/wp\/v2\/pages\/7840\/revisions\/13719"}],"wp:featuredmedia":[{"embeddable":true,"href":"https:\/\/bcsilly.be\/index.php\/wp-json\/wp\/v2\/media\/6620"}],"wp:attachment":[{"href":"https:\/\/bcsilly.be\/index.php\/wp-json\/wp\/v2\/media?parent=7840"}],"curies":[{"name":"wp","href":"https:\/\/api.w.org\/{rel}","templated":true}]}}