{"id":4247,"date":"2025-07-21T15:30:26","date_gmt":"2025-07-21T13:30:26","guid":{"rendered":"http:\/\/bcsilly.be\/?page_id=4247"},"modified":"2025-08-10T14:03:36","modified_gmt":"2025-08-10T12:03:36","slug":"renseignements-pratiques-inscription","status":"publish","type":"page","link":"https:\/\/bcsilly.be\/index.php\/renseignements-pratiques-inscription\/","title":{"rendered":"Renseignements pratiques"},"content":{"rendered":"<h2><strong>SAISON 2025-2026<\/strong><\/h2>\n<p><strong>Vous trouverez ci-dessous toutes les informations n\u00e9cessaires pour la saison 2025-2026. Nous restons \u00e0 votre disposition pour toute question, remarque ou suggestion. N\u2019h\u00e9sitez pas \u00e0 nous <a href=\"http:\/\/bcsilly.be\/index.php\/secretariat\/\" target=\"_blank\" rel=\"noopener\">contacter<\/a>.<\/strong><\/p>\n<p>&nbsp;<\/p>\n<table width=\"871\">\n<tbody>\n<tr>\n<td colspan=\"4\" width=\"871\"><strong>PERSONNES DE CONTACT<\/strong><\/td>\n<\/tr>\n<tr>\n<td width=\"151\"><strong>Pr\u00e9sident<\/strong><\/td>\n<td width=\"260\">Laurent Conreur<\/td>\n<td width=\"154\"><\/td>\n<td rowspan=\"2\" width=\"307\"><a href=\"mailto:secretariat@bcsilly.be\">secretariat@bcsilly.be<\/a><\/td>\n<\/tr>\n<tr>\n<td width=\"151\"><strong>Secr\u00e9taire<\/strong><\/td>\n<td width=\"260\">St\u00e9phanie Devos<\/td>\n<td width=\"154\">0477\/66 76 49<\/td>\n<\/tr>\n<tr>\n<td width=\"151\"><strong>Tr\u00e9sori\u00e8re<\/strong><\/td>\n<td width=\"260\">St\u00e9phanie Op de Beeck<\/td>\n<td width=\"154\"><\/td>\n<td rowspan=\"1\" width=\"307\"><a href=\"mailto:tresorerie@bcsilly.be\">tresorerie@bcsilly.be<\/a><\/td>\n<\/tr>\n<\/tbody>\n<\/table>\n<h3><strong>RESTEZ INFORM\u00c9(E) SUR NOTRE SITE WEB et FACEBOOK<\/strong><\/h3>\n<p><strong>Toutes les informations sont disponibles et mises \u00e0 jour sur ce site. <\/strong>Vous y trouvez en plus le calendrier des matchs, la composition du comit\u00e9, la pr\u00e9sentation des entr\u00e2ineurs, des documents, liens et coordonn\u00e9es utiles, nos \u00e9v\u00e9nements, l\u2019actualit\u00e9 du club, l\u2019historique du club, etc. Suivez-nous aussi sur Facebook : page publique <a href=\"https:\/\/www.facebook.com\/BCSilly\/\" target=\"_blank\" rel=\"noopener\"><strong>@BC Silly <\/strong><\/a>et groupe ferm\u00e9 <a href=\"https:\/\/www.facebook.com\/groups\/587090148093789\/\" target=\"_blank\" rel=\"noopener\"><strong>B.C. Silly (one team)<\/strong> <\/a><\/p>\n<h3><strong>implications de l&#8217;INSCRIPTION<\/strong><\/h3>\n<p>Chaque inscription est personnelle et le prix de la cotisation inclut l\u2019inscription \u00e0 l\u2019AWBB (Association Wallonie-Bruxelles de Basket-ball), les frais d\u2019assurance et la participation aux matchs de championnat. Le comit\u00e9 du club se r\u00e9serve toutefois la d\u00e9cision finale d\u2019affilier ou non un joueur.<\/p>\n<h6><strong>L\u2019inscription au Basket Club Silly implique :<\/strong><\/h6>\n<ul>\n<li>de respecter le<strong> <a href=\"https:\/\/bcsilly.be\/wp-content\/uploads\/2022\/11\/BC-Silly-Re%cc%80glement-dordre-inte%cc%81rieur-Re%cc%81v.5-Novembre-20222810.pdf\" target=\"_blank\" rel=\"noopener\">r\u00e8glement d\u2019ordre int\u00e9rieur<\/a><\/strong> du club.<\/li>\n<li>de prendre connaissance et suivre la <strong><a href=\"http:\/\/bcsilly.be\/wp-content\/uploads\/2024\/05\/Charte-du-respect_joueurs.jpg\" target=\"_blank\" rel=\"noopener\">charte du respect du B.C. Silly<\/a><\/strong>.<\/li>\n<li>de respecter les <strong>r\u00e8glements de l\u2019ASBL SillySports<\/strong> pour le hall omnisports de Bassilly situ\u00e9 Square Camille Theys \u00e0 7830 Bassilly.<\/li>\n<li>que le membre d\u00e9clare avoir <strong>pris connaissance du r\u00e8glement juridique, des mutations et des polices d\u2019assurances de l\u2019AWBB<\/strong>. Le signataire d\u00e9clare \u00eatre d\u2019accord avec cette r\u00e9glementation (le r\u00e8glement complet de l\u2019AWBB peut \u00eatre consult\u00e9 sur le site <a href=\"http:\/\/www.awbb.be\" target=\"_blank\" rel=\"noopener\">awbb.be<\/a>).<\/li>\n<li>que le Basket Club Silly puisse <strong>reproduire et diffuser l&#8217;image du joueur<\/strong> pour une illustration d&#8217;article, un d\u00e9pliant publicitaire ou une affiche de promotion des activit\u00e9s de l&#8217;association ainsi que pour la mettre en ligne sur le site web du club. Vous pouvez refuser ce dernier point en adressant un courrier au secr\u00e9tariat.<\/li>\n<li><strong>un engagement du joueur, ainsi qu\u2019un engagement minimum des parents (pour les jeunes)<\/strong> et ce, tout au long de la saison. Pr\u00e9sence aux entra\u00eenements, participation aux matchs, aide au bon d\u00e9roulement des matchs (feuille de match, chrono, d\u00e9l\u00e9gu\u00e9, lavage des maillots).<\/li>\n<\/ul>\n<p><strong>Notez qu\u2019aucune inscription ne sera avalis\u00e9e sans la fiche d\u2019inscription et le certificat m\u00e9dical, ni l\u2019accord de l&#8217;entra\u00eeneur. <\/strong>De plus, tout joueur n\u2019\u00e9tant pas en ordre de cotisation pourra se voir refuser la participation aux entra\u00eenements, ainsi qu\u2019aux matchs.<\/p>\n<h3><strong>CONDITIONS D\u2019INSCRIPTION<\/strong><\/h3>\n<h6><strong>3 entra\u00eenements test<\/strong><\/h6>\n<p>Le club offre 3 entra\u00eenements test sans engagement. Apr\u00e8s accord de l&#8217;entra\u00eeneur, le joueur d\u00e9cide ensuite de s\u2019inscrire ou non. Le joueur n\u2019est toutefois pas couvert par notre assurance en cas de blessure et ce, jusqu\u2019\u00e0 son inscription effective.<\/p>\n<h6><strong>L&#8217;inscription<\/strong><\/h6>\n<p>Pour s\u2019inscrire, le joueur, ou le repr\u00e9sentant l\u00e9gal pour les mineurs d\u2019\u00e2ge, doit s\u2019acquitter de la cotisation et des formalit\u00e9s d\u2019inscription. Pour ce faire, il doit fournir via <a href=\"mailto:secretariat@bcsilly.be\" target=\"_blank\" rel=\"noopener\">secretariat@bcsilly.be<\/a> les documents n\u00e9cessaires, \u00e0 savoir :<\/p>\n<ul>\n<li>la <strong><a href=\"https:\/\/bcsilly.be\/wp-content\/uploads\/2025\/05\/BC-Silly-Demande-inscription-nouveau-joueur-2025-2026.pdf\" target=\"_blank\" rel=\"noopener\">fiche d\u2019inscription<\/a><\/strong><\/li>\n<li>une <strong>photo r\u00e9cente en format num\u00e9rique (JPG)<\/strong><\/li>\n<li>le <a href=\"https:\/\/bcsilly.be\/wp-content\/uploads\/2025\/05\/Certificat-medical-AWBB-2025-2026.pdf\" target=\"_blank\" rel=\"noopener\"><strong>certificat m\u00e9dical pour la saison 2025-2026<\/strong><\/a>.<\/li>\n<\/ul>\n<p>L\u2019inscription au Basket Club Silly n\u00e9cessite un <strong>certificat m\u00e9dical<\/strong> attestant de la capacit\u00e9 \u00e0 pratiquer le basket-ball, <strong>\u00e0 faire signer par votre m\u00e9decin<\/strong>. Il doit \u00e9galement \u00eatre <strong>sign\u00e9 par le joueur et son repr\u00e9sentant l\u00e9gal si le joueur est mineur. <\/strong>Une copie est \u00e0 envoyer par e-mail \u00e0 <a href=\"mailto:secretariat@bcsilly.be\" target=\"_blank\" rel=\"noopener\">secretariat@bcsilly.be<\/a>. L\u2019original doit \u00eatre remis au parent-relais ou \u00e0 l\u2019entra\u00eeneur lors du premier entra\u00eenement. Le certificat m\u00e9dical est <strong>obligatoire<\/strong> pour la reprise des activit\u00e9s. <strong>Sans certificat, pas de matchs.<\/strong><\/p>\n<p><strong>Attention : seul le certificat m\u00e9dical officiel de l\u2019AWBB pour la saison 2025-2026 sera accept\u00e9.<\/strong> Toute autre forme de certificat \u00e9tabli par votre m\u00e9decin ou encore un certificat de l\u2019AWBB d\u2019une saison pr\u00e9c\u00e9dente sera refus\u00e9.<\/p>\n<h6><strong>LA COTISATION<\/strong><\/h6>\n<p>La cotisation comprend <strong>1 \u00e0 2 entra\u00eenements hebdomadaires, les matchs de championnat et matchs amicaux, les tournois\u2026<\/strong><\/p>\n<p>Les\u00a0membres d\u2019une m\u00eame famille ont droit \u00e0 une <strong>r\u00e9duction<\/strong> de <strong>20 \u20ac <\/strong>pour le 2e membre et <strong>40 \u20ac<\/strong> \u00e0 partir du 3e membre sur le prix initial.<\/p>\n<p><strong>Le paiement de la cotisation<\/strong> se fait uniquement par versement <strong>(1 virement par membre d&#8217;une m\u00eame famille)<\/strong> au num\u00e9ro de compte suivant <strong>IBAN : BE40 7320 3142 9263 &#8211; BIC : CREGBEBB <\/strong>(indiquer les nom et pr\u00e9nom du joueur et son \u00e9quipe).<\/p>\n<p><strong>BON \u00c0 SAVOIR !<\/strong><\/p>\n<ul>\n<li>La plupart des mutuelles <strong>remboursent une partie de la cotisation<\/strong> pay\u00e9e \u00e0 notre club. Le formulaire est \u00e0 demander \u00e0 votre mutuelle et \u00e0 faire compl\u00e9ter par le secr\u00e9tariat du club.<\/li>\n<li>Si vous rencontrez un <strong>probl\u00e8me de paiement<\/strong>, n\u2019h\u00e9sitez pas \u00e0 contacter notre tr\u00e9sori\u00e8re \u00e0 <a href=\"mailto:tresorerie@bcsilly.be\" target=\"_blank\" rel=\"noopener\">tresorerie@bcsilly.be<\/a> pour convenir d\u2019un arrangement.<\/li>\n<\/ul>\n<h6><strong>Prix de la cotisation<\/strong><\/h6>\n<ul>\n<li><strong>\u00c9quipes U10 \u00e0 P4<\/strong> : 250 \u20ac<\/li>\n<li><strong>\u00c9quipes U6-U8<\/strong> : 215 \u20ac<\/li>\n<li><strong>\u00c9quipe Loisir<\/strong> : 150 \u20ac<\/li>\n<\/ul>\n<h3><strong>Entra\u00eenements et matchs \u00e0 domicile<\/strong><\/h3>\n<p><strong>Tous les entra\u00eenements et matchs \u00e0 domicile se d\u00e9roulent \u00e0 la salle <a href=\"http:\/\/bcsilly.be\/index.php\/adresse-sillysports\/\" target=\"_blank\" rel=\"noopener\">SillySports<\/a> : <\/strong>Square Camille Theys, rue Thabor 70 \u2013 7830 Bassilly<\/p>\n<p>Il est demand\u00e9 aux joueurs d\u2019arriver <strong>max. 15 minutes avant l\u2019entra\u00eenement<\/strong> dans la salle. D\u2019autre part, les parents sont <strong>enti\u00e8rement responsables de leur(s) enfant(s)<\/strong> en dehors des entra\u00eenements.<\/p>\n<h6><strong>Horaires des entra\u00eenements<\/strong><\/h6>\n<h6><strong>CES HORAIRES SONT DONN\u00c9S \u00c0 TITRE INDICATIF ET PEUVENT ENCORE \u00caTRE MODIFI\u00c9S AVANT LE D\u00c9BUT DE LA SAISON<\/strong><\/h6>\n<table width=\"573\">\n<tbody>\n<tr>\n<td width=\"105\"><strong>Cat\u00e9gorie<\/strong><\/td>\n<td width=\"109\"><strong>Ann\u00e9es<\/strong><\/td>\n<td width=\"169\"><strong>Horaires<\/strong><\/td>\n<td width=\"190\"><strong>Coach(s)<\/strong><\/td>\n<\/tr>\n<tr>\n<td colspan=\"4\" width=\"573\"><strong>CAT\u00c9GORIES MINI-BASKET (MIXTE)<\/strong><\/td>\n<\/tr>\n<tr>\n<td width=\"105\">U8 B<\/td>\n<td width=\"109\">2020-2019<\/td>\n<td width=\"169\">Mercredi de 15h45 \u00e0 16h45<br \/>\nSamedi de 12h \u00e0 13h15<\/td>\n<td width=\"190\">Clara Brogniet<\/td>\n<\/tr>\n<tr>\n<td width=\"105\">U8 A<\/td>\n<td width=\"109\">2018<\/td>\n<td width=\"169\">Mercredi de 16h45 \u00e0 17h45<br \/>\nSamedi de 12h \u00e0 13h15<\/td>\n<td width=\"190\">Emma Ferretti<\/td>\n<\/tr>\n<tr>\n<td width=\"105\">U10 B<\/td>\n<td width=\"109\">2017<\/td>\n<td width=\"169\">Mercredi de 16h30 \u00e0 17h45<br \/>\nJeudi de 17h \u00e0 18h<\/td>\n<td width=\"190\"><\/td>\n<\/tr>\n<tr>\n<td width=\"105\">U10 A<\/td>\n<td width=\"109\">2016<\/td>\n<td width=\"169\">Mercredi de 14h30 \u00e0 15h45<br \/>\nJeudi de 17h \u00e0 18h<\/td>\n<td width=\"190\">S\u00e9bastien De Smet<\/td>\n<\/tr>\n<tr>\n<td width=\"105\">U12<\/td>\n<td width=\"109\">2014-2015<\/td>\n<td width=\"169\">Mercredi de 17h45 \u00e0 19h<br \/>\nJeudi de 18h \u00e0 19h<\/td>\n<td width=\"190\">Laurent et Benjamin Caille<\/td>\n<\/tr>\n<tr>\n<td colspan=\"4\" width=\"573\"><strong>CAT\u00c9GORIES HOMMES<\/strong><\/td>\n<\/tr>\n<tr>\n<td width=\"105\">U16 Gar\u00e7ons<br \/>\nU18 Gar\u00e7ons<\/td>\n<td width=\"109\">2011-2010<br \/>\n2009-2008<\/td>\n<td width=\"169\">Jeudi de 18h \u00e0 19h<br \/>\nVendredi de 18h30 \u00e0 20h<\/td>\n<td width=\"190\">Kevin Deceuleneer<\/td>\n<\/tr>\n<tr>\n<td width=\"105\">U21 Gar\u00e7ons<\/td>\n<td width=\"109\">2007-2006-2005<\/td>\n<td width=\"169\">Mardi de 19h30 \u00e0 20h45<br \/>\nVendredi de 21h \u00e0 22h15<\/td>\n<td width=\"190\">David Ducarmois<\/td>\n<\/tr>\n<tr>\n<td width=\"105\">P4H A<\/td>\n<td width=\"109\">&lt; 2005<\/td>\n<td width=\"169\">Mardi de 20h45 \u00e0 22h<br \/>\nVendredi de 19h45 \u00e0 21h<\/td>\n<td width=\"190\">Kevin Vanden Berghe<\/td>\n<\/tr>\n<tr>\n<td width=\"105\">P4H B<\/td>\n<td width=\"109\">&lt; 2008<\/td>\n<td width=\"169\">Mardi de 19h30 \u00e0 20h45<br \/>\nVendredi de 21h \u00e0 22h15<\/td>\n<td width=\"190\">David Ducarmois<\/td>\n<\/tr>\n<tr>\n<td width=\"105\">Loisir<\/td>\n<td width=\"109\">\u00c0 partir de 18 ans<\/td>\n<td width=\"169\">Lundi de 21h \u00e0 22h30<\/td>\n<td width=\"190\">Laurent Caille<\/td>\n<\/tr>\n<tr>\n<td colspan=\"4\" width=\"573\"><strong>CAT\u00c9GORIES DAMES<\/strong><\/td>\n<\/tr>\n<tr>\n<td width=\"105\">U19<\/td>\n<td width=\"109\">2010-2009<br \/>\n2008-2007<\/td>\n<td width=\"169\">Mercredi de 17h45 \u00e0 19h<br \/>\nJeudi de 19h \u00e0 20h<\/td>\n<td width=\"190\"><\/td>\n<\/tr>\n<tr>\n<td width=\"105\">P3D<\/td>\n<td width=\"109\">&lt; 2007<\/td>\n<td width=\"169\">Mardi de 18h \u00e0 19h<br \/>\nVendredi de 18h30 \u00e0 19h45<\/td>\n<td width=\"190\">Christopher Geleyn<\/td>\n<\/tr>\n<\/tbody>\n<\/table>\n<p>Les horaires des matchs sont d\u00e9termin\u00e9s par <strong>le calendrier de la f\u00e9d\u00e9ration<\/strong> disponible en d\u00e9but de saison sur <a href=\"http:\/\/www.baskethainaut.be\">www.baskethainaut.be<\/a>. Les matchs \u00e0 domicile se joueront g\u00e9n\u00e9ralement le samedi apr\u00e8s-midi ou le dimanche \u00e0 SillySports.<\/p>\n<p><a href=\"https:\/\/bcsilly.be\/index.php\/calendrier-des-matchs-a-venir\/\" target=\"_blank\" rel=\"noopener\">Cliquez ici<\/a> pour consulter le calendrier des matchs du championnat.<\/p>\n<h6><strong>COORDONN\u00c9ES DU CLUB<\/strong><\/h6>\n<p>BASKET CLUB SILLY ASBL \u2013 Si\u00e8ge social\u00a0: Place de Graty 9, 7830 Graty<br \/>\nBanque : IBAN BE40 7320 3142 9263 \u2013 BIC CREGBEBB \u2013 BCE 0541.764.794<br \/>\n<a href=\"mailto:secretariat@bcsilly.be\" target=\"_blank\" rel=\"noopener\">secretariat@bcsilly.be<\/a><\/p>\n","protected":false},"excerpt":{"rendered":"<p>SAISON 2025-2026 Vous trouverez ci-dessous toutes les informations n\u00e9cessaires pour la saison 2025-2026. Nous restons \u00e0 votre disposition pour toute question, remarque ou suggestion. N\u2019h\u00e9sitez pas \u00e0 nous contacter. &nbsp; PERSONNES DE CONTACT Pr\u00e9sident Laurent Conreur secretariat@bcsilly.be Secr\u00e9taire St\u00e9phanie Devos 0477\/66 76 49 Tr\u00e9sori\u00e8re St\u00e9phanie Op de Beeck tresorerie@bcsilly.be RESTEZ INFORM\u00c9(E) SUR NOTRE SITE WEB [&hellip;]<\/p>\n","protected":false},"author":2,"featured_media":0,"parent":0,"menu_order":0,"comment_status":"closed","ping_status":"closed","template":"","meta":{"_monsterinsights_skip_tracking":false,"_monsterinsights_sitenote_active":false,"_monsterinsights_sitenote_note":"","_monsterinsights_sitenote_category":0,"iawp_total_views":11,"footnotes":""},"class_list":["post-4247","page","type-page","status-publish","hentry"],"aioseo_notices":[],"amp_enabled":true,"_links":{"self":[{"href":"https:\/\/bcsilly.be\/index.php\/wp-json\/wp\/v2\/pages\/4247","targetHints":{"allow":["GET"]}}],"collection":[{"href":"https:\/\/bcsilly.be\/index.php\/wp-json\/wp\/v2\/pages"}],"about":[{"href":"https:\/\/bcsilly.be\/index.php\/wp-json\/wp\/v2\/types\/page"}],"author":[{"embeddable":true,"href":"https:\/\/bcsilly.be\/index.php\/wp-json\/wp\/v2\/users\/2"}],"replies":[{"embeddable":true,"href":"https:\/\/bcsilly.be\/index.php\/wp-json\/wp\/v2\/comments?post=4247"}],"version-history":[{"count":48,"href":"https:\/\/bcsilly.be\/index.php\/wp-json\/wp\/v2\/pages\/4247\/revisions"}],"predecessor-version":[{"id":13645,"href":"https:\/\/bcsilly.be\/index.php\/wp-json\/wp\/v2\/pages\/4247\/revisions\/13645"}],"wp:attachment":[{"href":"https:\/\/bcsilly.be\/index.php\/wp-json\/wp\/v2\/media?parent=4247"}],"curies":[{"name":"wp","href":"https:\/\/api.w.org\/{rel}","templated":true}]}}