{"id":174,"date":"2018-09-22T10:41:44","date_gmt":"2018-09-22T08:41:44","guid":{"rendered":"http:\/\/ferretti.info\/bcsilly\/?page_id=174"},"modified":"2025-08-10T15:17:51","modified_gmt":"2025-08-10T13:17:51","slug":"equipes","status":"publish","type":"page","link":"https:\/\/bcsilly.be\/index.php\/equipes\/","title":{"rendered":"Toutes nos \u00e9quipes"},"content":{"rendered":"<h2><strong>Envie de rejoindre l&#8217;une de nos \u00e9quipes ?<br \/>\n<\/strong><\/h2>\n<p>Le B.C. Silly <strong>garantit\u00a0une progression continue <\/strong>des jeunes aux seniors et <strong>d\u00e9veloppe le basket f\u00e9minin<\/strong>. Notre <a href=\"https:\/\/bcsilly.be\/index.php\/nos-entraineurs\/\" target=\"_blank\" rel=\"noopener\"><strong>staff sportif<\/strong><\/a>, compos\u00e9 d\u2019entra\u00eeneurs exp\u00e9riment\u00e9s, veille ainsi au suivi de chaque jeune jusqu\u2019en \u00e9quipes seniors. D\u00e9couvrez nos \u00e9quipes, <strong>des U6 aux P4<\/strong>, en cliquant sur le nom de l&#8217;\u00e9quipe.<\/p>\n<p><a href=\"http:\/\/bcsilly.be\/index.php\/inscription\/\" target=\"_blank\" rel=\"noopener\"><img loading=\"lazy\" decoding=\"async\" class=\"alignnone wp-image-11375\" src=\"http:\/\/bcsilly.be\/wp-content\/uploads\/2024\/03\/Button-demande-inscription.png\" alt=\"\" width=\"150\" height=\"38\" srcset=\"https:\/\/bcsilly.be\/wp-content\/uploads\/2024\/03\/Button-demande-inscription.png 268w, https:\/\/bcsilly.be\/wp-content\/uploads\/2024\/03\/Button-demande-inscription-32x8.png 32w\" sizes=\"auto, (max-width: 150px) 100vw, 150px\" \/><\/a> <a href=\"https:\/\/bcsilly.be\/index.php\/horaires-des-entrainements\/\" target=\"_blank\" rel=\"noopener\"><img loading=\"lazy\" decoding=\"async\" class=\"alignnone wp-image-11376\" src=\"http:\/\/bcsilly.be\/wp-content\/uploads\/2024\/03\/Button-horaires.png\" alt=\"\" width=\"141\" height=\"38\" srcset=\"https:\/\/bcsilly.be\/wp-content\/uploads\/2024\/03\/Button-horaires.png 268w, https:\/\/bcsilly.be\/wp-content\/uploads\/2024\/03\/Button-horaires-32x9.png 32w\" sizes=\"auto, (max-width: 141px) 100vw, 141px\" \/><\/a> <a href=\"https:\/\/bcsilly.be\/index.php\/calendrier-des-matchs-a-venir\/\" target=\"_blank\" rel=\"noopener\"><img loading=\"lazy\" decoding=\"async\" class=\"alignnone wp-image-11374\" src=\"http:\/\/bcsilly.be\/wp-content\/uploads\/2024\/03\/Button-calendrier-matchs.png\" alt=\"\" width=\"150\" height=\"38\" srcset=\"https:\/\/bcsilly.be\/wp-content\/uploads\/2024\/03\/Button-calendrier-matchs.png 268w, https:\/\/bcsilly.be\/wp-content\/uploads\/2024\/03\/Button-calendrier-matchs-32x8.png 32w\" sizes=\"auto, (max-width: 150px) 100vw, 150px\" \/><\/a><\/p>\n<div class=\"sportspress sp-widget-align-none\">\n\t\t<div id='sp-team-gallery-56' class='gallery galleryid-56 gallery-columns-3 gallery-size-sportspress-crop-medium'>\t<div class=\"sp-template sp-template-team-gallery sp-template-gallery\"><div class=\"sp-team-gallery-wrapper sp-gallery-wrapper\"><dl class='gallery-item'>\n\t<dt class='gallery-icon portrait'><a href=\"https:\/\/bcsilly.be\/index.php\/team\/p4h-b\/\"><img loading=\"lazy\" decoding=\"async\" width=\"300\" height=\"300\" src=\"https:\/\/bcsilly.be\/wp-content\/uploads\/2025\/08\/U21-2025-2026-300x300.jpg\" class=\"attachment-sportspress-crop-medium size-sportspress-crop-medium wp-post-image\" alt=\"\" srcset=\"https:\/\/bcsilly.be\/wp-content\/uploads\/2025\/08\/U21-2025-2026-300x300.jpg 300w, https:\/\/bcsilly.be\/wp-content\/uploads\/2025\/08\/U21-2025-2026-150x150.jpg 150w\" sizes=\"auto, (max-width: 300px) 100vw, 300px\" \/><\/a><\/dt><a href=\"https:\/\/bcsilly.be\/index.php\/team\/p4h-b\/\"><dd class=\"wp-caption-text gallery-caption small-3 columns\">P4H B<\/dd><\/a><\/dl><dl class='gallery-item'>\n\t<dt class='gallery-icon portrait'><a href=\"https:\/\/bcsilly.be\/index.php\/team\/u10-b\/\"><img loading=\"lazy\" decoding=\"async\" width=\"300\" height=\"300\" src=\"https:\/\/bcsilly.be\/wp-content\/uploads\/2025\/08\/U10B-2025-2026-300x300.jpeg\" class=\"attachment-sportspress-crop-medium size-sportspress-crop-medium wp-post-image\" alt=\"\" srcset=\"https:\/\/bcsilly.be\/wp-content\/uploads\/2025\/08\/U10B-2025-2026-300x300.jpeg 300w, https:\/\/bcsilly.be\/wp-content\/uploads\/2025\/08\/U10B-2025-2026-150x150.jpeg 150w\" sizes=\"auto, (max-width: 300px) 100vw, 300px\" \/><\/a><\/dt><a href=\"https:\/\/bcsilly.be\/index.php\/team\/u10-b\/\"><dd class=\"wp-caption-text gallery-caption small-3 columns\">U10 B<\/dd><\/a><\/dl><dl class='gallery-item'>\n\t<dt class='gallery-icon portrait'><a href=\"https:\/\/bcsilly.be\/index.php\/team\/u8-b\/\"><img loading=\"lazy\" decoding=\"async\" width=\"300\" height=\"300\" src=\"https:\/\/bcsilly.be\/wp-content\/uploads\/2025\/08\/U8B-2025-2026-300x300.jpg\" class=\"attachment-sportspress-crop-medium size-sportspress-crop-medium wp-post-image\" alt=\"\" srcset=\"https:\/\/bcsilly.be\/wp-content\/uploads\/2025\/08\/U8B-2025-2026-300x300.jpg 300w, https:\/\/bcsilly.be\/wp-content\/uploads\/2025\/08\/U8B-2025-2026-150x150.jpg 150w, https:\/\/bcsilly.be\/wp-content\/uploads\/2025\/08\/U8B-2025-2026-32x32.jpg 32w, https:\/\/bcsilly.be\/wp-content\/uploads\/2025\/08\/U8B-2025-2026.jpg 900w\" sizes=\"auto, (max-width: 300px) 100vw, 300px\" \/><\/a><\/dt><a href=\"https:\/\/bcsilly.be\/index.php\/team\/u8-b\/\"><dd class=\"wp-caption-text gallery-caption small-3 columns\">U8 B<\/dd><\/a><\/dl><dl class='gallery-item'>\n\t<dt class='gallery-icon portrait'><a href=\"https:\/\/bcsilly.be\/index.php\/team\/u8-a\/\"><img loading=\"lazy\" decoding=\"async\" width=\"300\" height=\"300\" src=\"https:\/\/bcsilly.be\/wp-content\/uploads\/2023\/10\/Equipe-U8_carre-300x300.jpg\" class=\"attachment-sportspress-crop-medium size-sportspress-crop-medium wp-post-image\" alt=\"\" srcset=\"https:\/\/bcsilly.be\/wp-content\/uploads\/2023\/10\/Equipe-U8_carre-300x300.jpg 300w, https:\/\/bcsilly.be\/wp-content\/uploads\/2023\/10\/Equipe-U8_carre-150x150.jpg 150w, https:\/\/bcsilly.be\/wp-content\/uploads\/2023\/10\/Equipe-U8_carre-32x32.jpg 32w, https:\/\/bcsilly.be\/wp-content\/uploads\/2023\/10\/Equipe-U8_carre.jpg 2048w\" sizes=\"auto, (max-width: 300px) 100vw, 300px\" \/><\/a><\/dt><a href=\"https:\/\/bcsilly.be\/index.php\/team\/u8-a\/\"><dd class=\"wp-caption-text gallery-caption small-3 columns\">U8 A<\/dd><\/a><\/dl><dl class='gallery-item'>\n\t<dt class='gallery-icon portrait'><a href=\"https:\/\/bcsilly.be\/index.php\/team\/u10-a\/\"><img loading=\"lazy\" decoding=\"async\" width=\"300\" height=\"300\" src=\"https:\/\/bcsilly.be\/wp-content\/uploads\/2025\/08\/U10A-2025-2026-300x300.jpg\" class=\"attachment-sportspress-crop-medium size-sportspress-crop-medium wp-post-image\" alt=\"\" srcset=\"https:\/\/bcsilly.be\/wp-content\/uploads\/2025\/08\/U10A-2025-2026-300x300.jpg 300w, https:\/\/bcsilly.be\/wp-content\/uploads\/2025\/08\/U10A-2025-2026-150x150.jpg 150w, https:\/\/bcsilly.be\/wp-content\/uploads\/2025\/08\/U10A-2025-2026-32x32.jpg 32w\" sizes=\"auto, (max-width: 300px) 100vw, 300px\" \/><\/a><\/dt><a href=\"https:\/\/bcsilly.be\/index.php\/team\/u10-a\/\"><dd class=\"wp-caption-text gallery-caption small-3 columns\">U10 A<\/dd><\/a><\/dl><dl class='gallery-item'>\n\t<dt class='gallery-icon portrait'><a href=\"https:\/\/bcsilly.be\/index.php\/team\/u12\/\"><img loading=\"lazy\" decoding=\"async\" width=\"300\" height=\"300\" src=\"https:\/\/bcsilly.be\/wp-content\/uploads\/2025\/08\/U12-2025-2026-1-300x300.jpg\" class=\"attachment-sportspress-crop-medium size-sportspress-crop-medium wp-post-image\" alt=\"\" srcset=\"https:\/\/bcsilly.be\/wp-content\/uploads\/2025\/08\/U12-2025-2026-1-300x300.jpg 300w, https:\/\/bcsilly.be\/wp-content\/uploads\/2025\/08\/U12-2025-2026-1-150x150.jpg 150w\" sizes=\"auto, (max-width: 300px) 100vw, 300px\" \/><\/a><\/dt><a href=\"https:\/\/bcsilly.be\/index.php\/team\/u12\/\"><dd class=\"wp-caption-text gallery-caption small-3 columns\">U12 Mixte<\/dd><\/a><\/dl><dl class='gallery-item'>\n\t<dt class='gallery-icon portrait'><a href=\"https:\/\/bcsilly.be\/index.php\/team\/u18\/\"><img loading=\"lazy\" decoding=\"async\" width=\"300\" height=\"300\" src=\"https:\/\/bcsilly.be\/wp-content\/uploads\/2023\/10\/Equipe-U16-300x300.jpg\" class=\"attachment-sportspress-crop-medium size-sportspress-crop-medium wp-post-image\" alt=\"\" srcset=\"https:\/\/bcsilly.be\/wp-content\/uploads\/2023\/10\/Equipe-U16-300x300.jpg 300w, https:\/\/bcsilly.be\/wp-content\/uploads\/2023\/10\/Equipe-U16-150x150.jpg 150w\" sizes=\"auto, (max-width: 300px) 100vw, 300px\" \/><\/a><\/dt><a href=\"https:\/\/bcsilly.be\/index.php\/team\/u18\/\"><dd class=\"wp-caption-text gallery-caption small-3 columns\">U18 Gar\u00e7ons<\/dd><\/a><\/dl><dl class='gallery-item'>\n\t<dt class='gallery-icon portrait'><a href=\"https:\/\/bcsilly.be\/index.php\/team\/u19d\/\"><img loading=\"lazy\" decoding=\"async\" width=\"150\" height=\"150\" src=\"\/\/www.gravatar.com\/avatar\/?s=150&d=blank&f=y\" class=\"attachment-thumbnail wp-post-image\"><\/a><\/dt><a href=\"https:\/\/bcsilly.be\/index.php\/team\/u19d\/\"><dd class=\"wp-caption-text gallery-caption small-3 columns\">U19D Filles<\/dd><\/a><\/dl><dl class='gallery-item'>\n\t<dt class='gallery-icon portrait'><a href=\"https:\/\/bcsilly.be\/index.php\/team\/u21h\/\"><img loading=\"lazy\" decoding=\"async\" width=\"300\" height=\"300\" src=\"https:\/\/bcsilly.be\/wp-content\/uploads\/2025\/08\/U21-2025-2026-300x300.jpg\" class=\"attachment-sportspress-crop-medium size-sportspress-crop-medium wp-post-image\" alt=\"\" srcset=\"https:\/\/bcsilly.be\/wp-content\/uploads\/2025\/08\/U21-2025-2026-300x300.jpg 300w, https:\/\/bcsilly.be\/wp-content\/uploads\/2025\/08\/U21-2025-2026-150x150.jpg 150w\" sizes=\"auto, (max-width: 300px) 100vw, 300px\" \/><\/a><\/dt><a href=\"https:\/\/bcsilly.be\/index.php\/team\/u21h\/\"><dd class=\"wp-caption-text gallery-caption small-3 columns\">U21 Gar\u00e7ons<\/dd><\/a><\/dl><dl class='gallery-item'>\n\t<dt class='gallery-icon portrait'><a href=\"https:\/\/bcsilly.be\/index.php\/team\/p3-dames\/\"><img loading=\"lazy\" decoding=\"async\" width=\"300\" height=\"300\" src=\"https:\/\/bcsilly.be\/wp-content\/uploads\/2025\/08\/P3D-2025-2026-1-300x300.jpg\" class=\"attachment-sportspress-crop-medium size-sportspress-crop-medium wp-post-image\" alt=\"\" srcset=\"https:\/\/bcsilly.be\/wp-content\/uploads\/2025\/08\/P3D-2025-2026-1-300x300.jpg 300w, https:\/\/bcsilly.be\/wp-content\/uploads\/2025\/08\/P3D-2025-2026-1-150x150.jpg 150w, https:\/\/bcsilly.be\/wp-content\/uploads\/2025\/08\/P3D-2025-2026-1-32x32.jpg 32w, https:\/\/bcsilly.be\/wp-content\/uploads\/2025\/08\/P3D-2025-2026-1.jpg 1047w\" sizes=\"auto, (max-width: 300px) 100vw, 300px\" \/><\/a><\/dt><a href=\"https:\/\/bcsilly.be\/index.php\/team\/p3-dames\/\"><dd class=\"wp-caption-text gallery-caption small-3 columns\">P3 Dames<\/dd><\/a><\/dl><dl class='gallery-item'>\n\t<dt class='gallery-icon portrait'><a href=\"https:\/\/bcsilly.be\/index.php\/team\/p4h-a\/\"><img loading=\"lazy\" decoding=\"async\" width=\"300\" height=\"300\" src=\"https:\/\/bcsilly.be\/wp-content\/uploads\/2025\/08\/P4HA-2025-2026-300x300.jpg\" class=\"attachment-sportspress-crop-medium size-sportspress-crop-medium wp-post-image\" alt=\"\" srcset=\"https:\/\/bcsilly.be\/wp-content\/uploads\/2025\/08\/P4HA-2025-2026-300x300.jpg 300w, https:\/\/bcsilly.be\/wp-content\/uploads\/2025\/08\/P4HA-2025-2026-150x150.jpg 150w, https:\/\/bcsilly.be\/wp-content\/uploads\/2025\/08\/P4HA-2025-2026-32x32.jpg 32w\" sizes=\"auto, (max-width: 300px) 100vw, 300px\" \/><\/a><\/dt><a href=\"https:\/\/bcsilly.be\/index.php\/team\/p4h-a\/\"><dd class=\"wp-caption-text gallery-caption small-3 columns\">P4H A<\/dd><\/a><\/dl><dl class='gallery-item'>\n\t<dt class='gallery-icon portrait'><a href=\"https:\/\/bcsilly.be\/index.php\/team\/loisir\/\"><img loading=\"lazy\" decoding=\"async\" width=\"300\" height=\"300\" src=\"https:\/\/bcsilly.be\/wp-content\/uploads\/2024\/05\/Loisir-match-BC-Silly-Blue-Demons_20241109-300x300.jpg\" class=\"attachment-sportspress-crop-medium size-sportspress-crop-medium wp-post-image\" alt=\"\" srcset=\"https:\/\/bcsilly.be\/wp-content\/uploads\/2024\/05\/Loisir-match-BC-Silly-Blue-Demons_20241109-300x300.jpg 300w, https:\/\/bcsilly.be\/wp-content\/uploads\/2024\/05\/Loisir-match-BC-Silly-Blue-Demons_20241109-150x150.jpg 150w, https:\/\/bcsilly.be\/wp-content\/uploads\/2024\/05\/Loisir-match-BC-Silly-Blue-Demons_20241109-32x32.jpg 32w, https:\/\/bcsilly.be\/wp-content\/uploads\/2024\/05\/Loisir-match-BC-Silly-Blue-Demons_20241109.jpg 1536w\" sizes=\"auto, (max-width: 300px) 100vw, 300px\" \/><\/a><\/dt><a href=\"https:\/\/bcsilly.be\/index.php\/team\/loisir\/\"><dd class=\"wp-caption-text gallery-caption small-3 columns\">Loisir<\/dd><\/a><\/dl><\/div><\/div><\/div>\n<\/div>\n","protected":false},"excerpt":{"rendered":"<p>Envie de rejoindre l&#8217;une de nos \u00e9quipes ? Le B.C. Silly garantit\u00a0une progression continue des jeunes aux seniors et d\u00e9veloppe le basket f\u00e9minin. Notre staff sportif, compos\u00e9 d\u2019entra\u00eeneurs exp\u00e9riment\u00e9s, veille ainsi au suivi de chaque jeune jusqu\u2019en \u00e9quipes seniors. D\u00e9couvrez nos \u00e9quipes, des U6 aux P4, en cliquant sur le nom de l&#8217;\u00e9quipe.<\/p>\n","protected":false},"author":1,"featured_media":8698,"parent":0,"menu_order":0,"comment_status":"closed","ping_status":"closed","template":"template-fullwidth.php","meta":{"_monsterinsights_skip_tracking":false,"_monsterinsights_sitenote_active":false,"_monsterinsights_sitenote_note":"","_monsterinsights_sitenote_category":0,"iawp_total_views":480,"footnotes":""},"class_list":["post-174","page","type-page","status-publish","has-post-thumbnail","hentry"],"aioseo_notices":[],"amp_enabled":false,"_links":{"self":[{"href":"https:\/\/bcsilly.be\/index.php\/wp-json\/wp\/v2\/pages\/174","targetHints":{"allow":["GET"]}}],"collection":[{"href":"https:\/\/bcsilly.be\/index.php\/wp-json\/wp\/v2\/pages"}],"about":[{"href":"https:\/\/bcsilly.be\/index.php\/wp-json\/wp\/v2\/types\/page"}],"author":[{"embeddable":true,"href":"https:\/\/bcsilly.be\/index.php\/wp-json\/wp\/v2\/users\/1"}],"replies":[{"embeddable":true,"href":"https:\/\/bcsilly.be\/index.php\/wp-json\/wp\/v2\/comments?post=174"}],"version-history":[{"count":26,"href":"https:\/\/bcsilly.be\/index.php\/wp-json\/wp\/v2\/pages\/174\/revisions"}],"predecessor-version":[{"id":13655,"href":"https:\/\/bcsilly.be\/index.php\/wp-json\/wp\/v2\/pages\/174\/revisions\/13655"}],"wp:featuredmedia":[{"embeddable":true,"href":"https:\/\/bcsilly.be\/index.php\/wp-json\/wp\/v2\/media\/8698"}],"wp:attachment":[{"href":"https:\/\/bcsilly.be\/index.php\/wp-json\/wp\/v2\/media?parent=174"}],"curies":[{"name":"wp","href":"https:\/\/api.w.org\/{rel}","templated":true}]}}